3*s + 6, -3*v - 18 = -3*s. Let w(m) = -2*m**2. What is w(v)?
-2
Suppose 6 + 19 = -5*s. Let h(l) = -l - 6. What is h(s)?
-1
Let b(h) = h - 3. Let k(y) = 2*y - 6. Let g(j) = 9*b(j) - 4*k(j). Let r be 9/((-6)/2) - -1. Let l = -2 - r. Determine g(l).
-3
Let i(g) = -g**3 + g**2 + g + 4. Let y be i(0). Let c(k) = -6 - 3 + k - 1 + 1. Give c(y).
-5
Let d(n) = -n**2 - 10*n + 2. Let r be d(-10). Let w(q) = r + 3 + 2*q - 4 + 0*q. Let f = -8 - -5. Determine w(f).
-5
Let s(m) = -m**2 - 3*m - 1. Let k(v) = -v**3 + 3*v**2 + 4*v + 2. Let z be k(4). Let b(n) = n**3 - n**2 - 2*n. Let i be b(z). Suppose i = c - 4*c - 3. Give s(c).
1
Let b(s) = s - 4. Let k = -4 + 4. Let x be 1 + k - (-4)/(-4). Suppose 5*h - 5 = x, -4*h = -p - 0*h. Determine b(p).
0
Let v(q) be the first derivative of q**2 + 7*q + 1. Let u(k) = -13*k + 228. Let m be u(18). Give v(m).
-5
Suppose 0 = -0*z + 2*z + 14. Let l = z + 7. Suppose l = -0*y - 4*y + 4. Let n(t) = 10*t - 1. Calculate n(y).
9
Let d(s) = -2*s + 1. Suppose 4*q + 7 = 4*h - 13, 0 = 3*h + 2*q - 20. Give d(h).
-11
Let g(i) = -i - 4*i - 1 + 3*i + i**2. What is g(4)?
7
Let r be (-1 - -3)/(2/(-4)). Let q(l) be the first derivative of -l**3/3 - 2*l**2 + l - 54. What is q(r)?
1
Let c(r) = 9*r + r**3 - 3 - 19*r + 8*r + 2*r**2 + 0*r**2. Calculate c(-3).
-6
Let r be 1/(1 + (-3 - -3)). Let w be (-2)/7 + 32/14. Let c(q) = w*q + 0 - 7*q - 1. Calculate c(r).
-6
Let j = 9/5 + -3/10. Let l(f) be the first derivative of 2*f + j*f**2 + 4. What is l(2)?
8
Let x(s) be the third derivative of s**4/24 - s**3/2 - 14*s**2. Give x(8).
5
Suppose -3*g = 0, 3*j - 14 = j - g. Suppose t + 2 = 2*t. Let w(x) = 0*x - x - j + t*x. Determine w(0).
-7
Let g(h) = 4*h + 1. Let q be (-13)/4 + 1/4. Suppose 3*k = 5*k + 4. Let z = k - q. What is g(z)?
5
Let d(l) be the second derivative of 1/6*l**3 - 1/12*l**4 + 0 - 2*l + 0*l**2. What is d(-2)?
-6
Let g(f) = f**3 - 7*f**2 + 6*f - 3. Let s(y) = y**3 - 7*y**2 + 6*y - 4. Let z(a) = 3*g(a) - 4*s(a). What is z(6)?
7
Let f be 0 - (0 - (-2 - 0)). Suppose -2*l - 3*l + 29 = 3*v, -2*l = -2*v - 2. Let t(o) = 4*o + 5*o**v + 1 - 3*o + 0*o**2 + 2*o**2 - 3*o**3. Determine t(f).
-9
Let v(i) = -9*i**2 - 2*i - 1. Let f be (1/2)/(5/240). Let a = 23 - f. Give v(a).
-8
Let n = 50 + -50. Let h(x) = -x**3 - x**2 - x + 4. What is h(n)?
4
Let k(o) = o + 8. Let x be k(-6). Let t(w) = -1 + x*w + 0*w - 2*w**2 + 2 + 0. Let g = -5 + 7. Give t(g).
-3
Let j be 7 + 1 + (-1 - -2). Let v = j + -4. Let y(w) = -w + 1. Give y(v).
-4
Let x(m) = -10*m - 4. Let u(k) = -3*k - 1. Let c(v) = -7*u(v) + 2*x(v). Suppose -3*a + 3 = -2*l - 4*a, -2 = 2*a. Give c(l).
-2
Suppose -4*v = -3*v + 1. Let d(f) = -4 - 1 - f - 2*f + 4. Calculate d(v).
2
Let c(b) be the third derivative of -b**6/120 + b**5/15 - b**4/24 + b**3/3 + 6*b**2. Determine c(4).
-2
Let s(p) = -p**3 + 5*p**2 + 8*p - 7. Let i be s(6). Suppose i*q = -5 - 10. Let f(h) = h**2 + 2*h. Give f(q).
3
Let w(n) = n**2 + 7*n + 4. Suppose 0 = -f + q + 5, 4*f - 10 = -f + 2*q. Suppose -4*p + 6*p + 10 = f. Give w(p).
-6
Let c(u) = -u**2 + 9*u + 6. Let x(t) = 2*t**2 - 17*t - 12. Let i(a) = 11*c(a) + 6*x(a). Determine i(6).
12
Let w(c) be the first derivative of -c**4/4 + 2*c**3/3 + c**2/2 + c - 4. Let b be w(2). Let u(s) = -s**3 + 4*s**2 - 4*s + 4. What is u(b)?
1
Let k be -9 + 7 + (-2)/(-2). Let d(z) = -z**2 + z. Let u be d(k). Let c(s) = -2*s**2 - 3*s - 2. Calculate c(u).
-4
Let n(x) = -3*x**2 - 3*x + 4. Let p(o) = o**2 + 2*o - 2. Let b(z) = -2*n(z) - 5*p(z). Determine b(3).
-1
Suppose 0 = k + 4*k - 10. Let x(l) = -5*l - 2*l**2 + l**k + 0*l**2 + 4*l - l**3. What is x(-1)?
1
Let t(j) = 2*j**2 + 15*j + 8. Let f(r) = -r**2 - 8*r - 4. Let h(v) = -5*f(v) - 3*t(v). What is h(-6)?
-10
Let l(g) = 2*g - 5. Suppose h + 56 = 5*n, -2*n - h + 0*h + 21 = 0. Let z = n + -7. Suppose z*c - 8 = 3*r, 6*c - 3*c - 15 = 0. Calculate l(r).
3
Let s = -48 - -43. Let d(z) = -z**2 - 7*z - 5. Calculate d(s).
5
Suppose -n + 5*b = 25, 8*n - b + 5 = 3*n. Let a(d) = 1. Suppose 0 = 2*o - 5 + 3. Let p(c) = -c**3 - c + 9. Let v(f) = o*p(f) - 6*a(f). Determine v(n).
3
Suppose 5*r - 4 = f, 3*f - 2*f = -5*r + 6. Let x(q) = -10*q**3 + q**2. Calculate x(f).
-9
Let b(c) = 0 - 3*c + 2 - 3. Calculate b(4).
-13
Let r(d) = 2*d**3 + 14*d**2 + 2*d + 13. Let n(q) = q**3 + 7*q**2 + q + 7. Let v(y) = -5*n(y) + 2*r(y). What is v(-7)?
-2
Let a(c) be the second derivative of -5*c**3/6 + c. Let t = 18 - 12. Let v(r) = r**3 - 7*r**2 + 5*r + 8. Let z be v(t). Calculate a(z).
-10
Let b(h) = 0*h**3 + 11 - 2*h**3 + 14*h - 2*h**3. Let l(s) = -4*s + s**3 + 0*s**3 - 4 - s. Let k(q) = 3*b(q) + 8*l(q). Determine k(-1).
3
Suppose 7*q = 19*q. Let z(x) = x**2 + x - 3 - 2*x**2 + 2*x**2. What is z(q)?
-3
Suppose -3*i = i - 8. Let d(o) = -3*o + 1 + 2 - 4 + o**i. Determine d(3).
-1
Let y(s) = 0 + 8 + s - 16. Calculate y(6).
-2
Let p(a) = -2 - 2*a**3 - 2*a**3 + 1 + 0. What is p(1)?
-5
Suppose 0 = 3*n - c - 8, 5*n + 2*c - 4 = -c. Let i be 1/(-2) - (-10)/4. Let h(m) = 0 - i*m**2 - 3*m**3 + m**2 + 2*m + 4*m**3 - 1. What is h(n)?
7
Let p(i) = 2*i + 7. Let c be 5/(-3) + 1 + 88/(-12). Give p(c).
-9
Let r(y) be the second derivative of y**3/6 + 25*y. Give r(-7).
-7
Let x(f) be the third derivative of -f**4/24 - f**3/6 - f**2. What is x(5)?
-6
Let j(c) = c**2 + 7*c + 6. Let h = 5 + -10. Calculate j(h).
-4
Suppose -b - 3*v - 11 = 0, -3*b + 2 = -v - 5. Suppose b = -a - 1. Let c(o) = 2*o + 3. Determine c(a).
-1
Let f(k) = -k - 4. Let b be f(-6). Let c(y) = 0*y + y - b*y. Suppose 5*r - 4*w + 35 = 0, -3*r = -4*w - 16 + 45. Calculate c(r).
3
Let o(f) = -f**3 + 3*f**2 - 2*f - 2. Let m be o(2). Let s be (-3)/1 - m*1. Let i(b) = -35*b + 1 + 15*b + 11*b + 11*b + 0. Give i(s).
-1
Let t(b) = 4*b. Suppose -u - 7 = -7*w + 2*w, -3*w = -3*u - 9. Give t(u).
-8
Let u(y) = -2*y + 5. Let z be u(4). Let f = z + 3. Let k be (-15)/(-6)*(-2 + f). Let v(l) = -l**3 - 6*l**2 - 2*l + 6. Determine v(k).
-9
Let w(r) be the first derivative of -r**4/4 + r**3/3 - r**2/2 - 5*r - 40. Give w(0).
-5
Let d = -3 + 8. Let h(r) = -8*r + 6. Let i(s) = 7*s - 5. Let u(o) = d*h(o) + 6*i(o). Let l be u(-2). Let w(g) = g**2 + 4*g + 1. Determine w(l).
1
Let r(d) = -d**2 + 9*d + 11. Let q(z) = z**3 - 24*z**2 - z + 33. Let l be q(24). Give r(l).
11
Let y(g) = 37*g**2 - 3*g - 7. Let v(r) = 12*r**2 - r - 2. Let o(k) = -7*v(k) + 2*y(k). What is o(1)?
-9
Let j(r) = 2*r**2 - r - 1. Suppose v - 3 = 0, v - 9 = m - 3*v. What is j(m)?
14
Let v(r) = -19 + 10 - 4*r + 4. Let m = 12 - 17. Determine v(m).
15
Suppose 5*v = 4*v. Let j(i) = v*i**2 + i**2 + i**2 + 6 - i**2. Calculate j(0).
6
Suppose 10 = -n + 15. Let o(u) = -3*u + 2. Calculate o(n).
-13
Let i(f) = 2*f - 7*f**2 + 2*f**2 - 3*f + 6*f**2 + 4. Give i(0).
4
Let x(t) = -t**3 - 6*t**2 - 6*t - 6. Let a(l) = l**2 - 5. Let z = 3 + -3. Let c be a(z). What is x(c)?
-1
Let k(b) = 2*b + 7. Let z be k(-7). Let l(t) be the third derivative of -t**6/120 - 2*t**5/15 - t**4/4 + t**3/6 - t**2. Give l(z).
-6
Let b be -1 - -1 - -1 - -3. Suppose 0 = -b*o - 2*f - 14 - 2, -3*f = -o - 4. Let u(l) = l + 8. What is u(o)?
4
Let i = -6 + 8. Suppose -2*b = -m - 7*b + i, -6 = -3*m - b. Let y(n) = -1 + n + n**m + 3*n + 2. Calculate y(-2).
-3
Let k(m) = -m**2 + 8*m. Let b = -16 - -19. Let h(s) = s**2 - 8*s - 1. Let a(v) = b*k(v) + 2*h(v). What is a(7)?
5
Let i(y) = -4*y**3 + 7*y**2 + 6*y. Let b(k) = -7*k**3 + 13*k**2 + 11*k. Let r(v) = -3*b(v) + 5*i(v). What is r(3)?
-18
Let h(g) be the third derivative of 0 + 0*g - 2/15*g**5 - 1/120*g**6 - 5/3*g**3 - 1/12*g**4 - 8*g**2. What is h(-8)?
6
Let t = 161/4 + -40. Let i(l) be the first derivative of -1/3*l**3 - 6*l + 1/2*l**2 + 1 - t*l**4. What is i(0)?
-6
Let x be (-8)/12*9 - 0. Let v(l) = l**2 + 7*l - 3. Determine v(x).
-9
Let v(h) = h**3 + 3*h**2 + 2*h. Let l = 21 - 23. Determine v(l).
0
Let s(l) = 2*l + 9. Suppose -2*c + 28 = w, -3*w = 3*c - 5*w - 49. Let y = 9 - c. Let g be s(y). Let m(q) = q. What is m(g)?
-3
Let c(z) = z**3 + 4*z**2 - 2*z + 6. Suppose 2*h - 3*h = -4*d - 33, 0 = -4*h + 20. Let q be (-66)/14 - (-2)/d. What is c(q)?
-9
Let q(m) = -m**3 + 7*m**2 - 7*m - 5. Suppose -28 + 52 = 4*r. Determine q(r).
-11
Let f(o) = -4*o + 2. Let k(n) = -n - 1. Let v(x) = -f(x) + 5*k(x). Determine v(-5).
-2
Let t(m) = -1. Let v(x) = x - 6. Let h(z) = -5*t(z) + v(z). Suppose 3*p = -5*c + 2